 -47 - -102. What is the greatest common factor of f and h?
55
Let z be (-1790)/(-50) - (-28)/140. Calculate the highest common factor of z and 5856.
12
Let j(x) be the first derivative of -13/2*x**2 + 4*x**3 + 1/4*x**4 + 17*x + 22. Let v be j(-13). What is the highest common factor of v and 136?
17
Let i(q) = -2*q**3 - 4*q**2 - 7*q - 21. Let y be i(-9). Calculate the highest common divisor of y and 16.
8
Suppose -5*c - 660 = -13*c - 25*c. Calculate the highest common divisor of c and 410.
10
Let f = -860 + 1284. What is the greatest common factor of f and 1378?
106
Let j(y) = 1749*y**2 + 3*y + 6. Let l be j(-1). Calculate the highest common factor of l and 24.
24
Let c(d) = -d**3 - 27*d**2 + 193*d - 60. Let g be c(-33). Let j = 0 - -1. Suppose -v + 14 + j = 0. Calculate the highest common factor of g and v.
15
Let h = 600 + -552. Let n = 14 - 11. Let w = 15 - n. Calculate the highest common factor of h and w.
12
Let o = -8018 + 8040. Let f be 6835/10 + ((-1)/(-2) - 2). Calculate the greatest common factor of f and o.
22
Suppose 146*y - 1316 = 19*y + 589. Let d = 12 + -3. Calculate the highest common factor of y and d.
3
Let l be (10/4)/(51/41514). Calculate the greatest common divisor of l and 220.
55
Let o = -1872 + 3641. Calculate the highest common divisor of 58 and o.
29
Let c = -28 - -31. Suppose c = b, s - 3*b - 2*b - 152 = 0. Suppose -88 = -5*f + s. What is the greatest common factor of 17 and f?
17
Let d(s) = 3*s**3 + 79*s**2 + 20*s + 16. Let r be d(-26). What is the greatest common divisor of r and 172?
172
Let g = 23 + -13. Suppose 11*m - 18 = g*m. Let y(s) = -2*s**2 + 37*s - 10. Let k be y(m). What is the highest common divisor of k and 4?
4
Let n(w) = -14*w**2 + 6*w - 7. Let m(d) = -14*d**2 + 5*d - 8. Let q(y) = -5*m(y) + 4*n(y). Let u be q(5). What is the greatest common factor of 51 and u?
51
Suppose 0 = -5*u + 104 + 126. Let r(y) = -y**3 + 7*y**2 - 16*y + 162. Let g be r(7). Suppose u = 8*i - g. What is the greatest common factor of 36 and i?
12
Let j be (1 - 6)*-3*1. Let b(h) = h**3 - 15*h**2 - 2. Let i be b(j). Let z be (12/(-4))/(-1) - i. What is the highest common factor of z and 35?
5
Let x = -125 - -115. Let c = x - -13. Suppose -2*r + 1 = -5*t - 48, 3*r = 3*t + 51. Calculate the highest common divisor of c and r.
3
Let l(x) = 61*x**2 - 30 - 5*x + x**3 - 126*x**2 + 59*x**2. Let f be l(10). Calculate the highest common factor of f and 40.
40
Let n(k) = 2*k - 1. Let i(q) = q**2 + 3*q. Let f(g) = 5*i(g) - 4*n(g). Let p be f(-3). Calculate the highest common factor of p and 56.
28
Let o be (-24 - -31)/(69/17 + -4). Calculate the greatest common factor of o and 238.
119
Let m(z) = 21*z + 25. Let p be m(0). Let g(c) = c**2 + 9*c - 4. Let u be g(-11). Suppose 3 - u = -3*x. What is the highest common factor of p and x?
5
Let b = -4002 + 7640. What is the greatest common divisor of b and 34?
34
Let p be (88/(-198) - (-96)/(-27))/((-4)/3). What is the greatest common factor of p and 267?
3
Suppose 21 + 72 = 3*v. Let f be -3 + 66/21 + (-12660)/(-21). Suppose -f + 107 = -4*c. Calculate the greatest common divisor of c and v.
31
Let a = 36233 + -35383. Calculate the highest common factor of 1105 and a.
85
Let a(s) = -s**3 - 16*s**2 - 74*s - 104. Let f be a(-3). Calculate the greatest common factor of f and 4621.
1
Let m be 9 + 4 + (-121)/(-33)*-3. Calculate the highest common factor of 57 and m.
1
Let x = 42 - -12. Suppose 6*a = 3*a - 12*a + 1080. Calculate the highest common divisor of a and x.
18
Let y(x) = -2*x**2 - 47*x + 455. Let q be y(-26). Calculate the highest common divisor of q and 1475.
25
Let h(f) = -15*f**3 + f**2 - f - 2. Let y be h(-2). Let o = 135 - y. What is the highest common divisor of o and 154?
11
Let z be -14 + 29/(174/8316). Calculate the highest common divisor of 112 and z.
28
Let d = 308 - 305. Suppose 87 = 3*x + 5*b, d*x + 2*b - 41 = 37. Calculate the greatest common factor of x and 84.
12
Suppose -4*h - 4*c = -280, -5*c + 11 = 21. Let g(y) = 2*y**3 - 3*y**2. Let l be g(3). Calculate the highest common factor of l and h.
9
Let s(r) = 2*r**2 - 17*r - 40 - 14*r + 21*r. Let l be s(-4). Calculate the greatest common divisor of l and 160.
32
Let q(f) = f**3 + 97*f**2 - 205*f - 656. Let a be q(-99). Calculate the highest common divisor of a and 3996.
37
Suppose 5*z - 3*s + 9 = 0, -2*z - 5*s = 3*z - 15. Suppose -4*d + z*d = d. Suppose d = 5*t - 3*t - 132. Calculate the highest common factor of 22 and t.
22
Suppose -30*b - 30 = -35*b. Suppose -5*d - 4 = k, 20*k - 2*d = 16*k + b. Let u be -3 - -1 - (-1 - 9). Calculate the highest common factor of k and u.
1
Suppose 9 = -2*r + 25. Suppose 116 + 140 = r*j. Suppose 5*f - s + 5*s = 8, -4*f + 2*s + 22 = 0. Calculate the greatest common divisor of j and f.
4
Let i = -463 + 380. Suppose 0 = -4*h + h - 303. Let s = i - h. What is the highest common factor of s and 144?
18
Let l(p) = -p**2 + 14*p + 35. Let c be l(14). Suppose -10*m + 9*m - 2 = 0. Let n be m + 10 - 3*1. What is the highest common divisor of n and c?
5
Let a(u) = u**2 - 17*u + 10. Let d be a(16). Let n(h) = 4*h**2 + 23*h + 8. Let x be n(d). What is the greatest common divisor of x and 406?
14
Let z(w) = 7*w**2 + 21*w + 1257. Let m be z(57). What is the highest common divisor of 111 and m?
111
Let r = -10 + 11. Let p be r - ((-24)/(-11) - (-8)/(-44)). Let a be 46/4 + (3/(-2) - p). Calculate the greatest common divisor of 121 and a.
11
Suppose 4*r = 11*p - 7*p + 48, -2*p + r = 19. Let z be ((-1)/(-3))/(-2*p/210). What is the greatest common factor of 10 and z?
5
Suppose -4*r + 4177 = -q - 32487, -18342 = -2*r + 3*q. What is the greatest common factor of r and 130?
65
Let t(z) be the first derivative of 2*z**2 + 10*z + 96. Let i be t(23). What is the highest common factor of i and 68?
34
Let s = -53 + 55. Suppose 3*z = 3*p + 15 + 1704, -s*z - 5*p + 1125 = 0. Calculate the greatest common divisor of z and 30.
30
Let q be -8*(-6)/192 - 1/4. Suppose -261*g + 254*g + 273 = q. What is the greatest common divisor of g and 208?
13
Suppose 439*h - 334953 = 262087. What is the highest common divisor of h and 289?
17
Suppose 0 = 2*r - 5*q - 45, 2*r - 32 - 34 = -2*q. Suppose -r = 46*p - 51*p. What is the highest common factor of p and 306?
6
Suppose 2*o + 210 = 5*b, -o + 6*o + 185 = 4*b. Suppose 2*h - b = 12. What is the highest common factor of 598 and h?
26
Let v = -252 + 255. Suppose 5*g - 4 = -r, 3*g + 52 + 32 = v*r. What is the highest common divisor of r and 64?
8
Let f = -31 + 49. Suppose 4*n - 10 - 10 = 0. Suppose 4*d + 2*g - 16 - 16 = 0, 5*d = n*g + 55. Calculate the greatest common divisor of f and d.
9
Suppose 15*r - 16*r - 110 = -5*z, 0 = 4*r + 20. Calculate the highest common divisor of 602 and z.
7
Suppose -5*n - 7 = 43. Let r be (n/3)/(-10)*39*11. What is the greatest common divisor of r and 11?
11
Let k = -3385 - -3424. Calculate the greatest common divisor of 416 and k.
13
Let d = -11281 - -11289. Let o(v) = v**2 - 11*v + 11. Let t be o(10). Let u be ((-16)/t)/((-4)/22). Calculate the greatest common divisor of d and u.
8
Suppose 45684 = 722*m - 686*m. Calculate the highest common factor of 27 and m.
27
Suppose 3*y = 3*b + 10008, 2*b + 3335 = 79*y - 78*y. What is the greatest common divisor of 188 and y?
47
Suppose 2*p = -3*q + 168, 0 = 5*q - 7*p - 487 + 114. What is the highest common factor of q and 21638?
62
Let j(k) = 0*k + 2*k + 4*k + 65 - 9*k. Let w be j(17). Suppose 0*b = 2*b - 448. What is the greatest common divisor of w and b?
14
Suppose 122 = 5*n - p, 4*n - 90 = -4*p + p. Let k = n + -14. Suppose 0 = 10*c - 141 - 159. Calculate the greatest common divisor of c and k.
10
Let g(j) = 3*j**2 - 267*j - 276. Let t be g(96). Calculate the highest common factor of t and 60.
60
Let r = 90 + -86. Suppose 14*a - 100 = r*a. Let q(g) = -g + 21. Let l be q(a). What is the greatest common factor of l and 1?
1
Let g(y) = -y + 2. Let l be g(-1). Suppose l*b = 5*b + u - 20, 40 = 4*b + 3*u. Suppose 4*n - 50 = 3*n. What is the highest common factor of n and b?
10
Suppose 70*i - 58*i - 1344 = 0. Suppose -i = -16*d + 48. Calculate the greatest common factor of d and 70.
10
Suppose -111 + 95 = -4*u. Let t(s) = 7*s**2 - 2*s - 8. Let b be t(u). What is the highest common divisor of b and 6?
6
Let b be (-15)/(-10)*-2